{"id":20,"date":"2025-08-20T11:50:00","date_gmt":"2025-08-20T11:50:00","guid":{"rendered":"http:\/\/www.fatmasert.com\/?page_id=20"},"modified":"2026-04-03T19:30:36","modified_gmt":"2026-04-03T19:30:36","slug":"atolye-workshop","status":"publish","type":"page","link":"https:\/\/www.fatmasert.com\/?page_id=20","title":{"rendered":"At\u00f6lye &#8211; Workshoplar\u0131m\u0131z"},"content":{"rendered":"\n<ul class=\"wp-block-list\">\n<li class=\"has-medium-font-size\"><strong>Anne-Baba At\u00f6lyeleri<\/strong><\/li>\n<\/ul>\n\n\n\n<p class=\"has-medium-font-size\">Ebeveynlere \u00e7ocuklar\u0131yla ileti\u015fim, s\u0131n\u0131r koyma ve duygusal ihtiya\u00e7lar\u0131 anlama konusunda pratik beceriler kazand\u0131r\u0131r.<\/p>\n\n\n\n<ul class=\"wp-block-list\">\n<li class=\"has-medium-font-size\"><strong>\u0130leti\u015fim ve S\u0131n\u0131r \u00c7al\u0131\u015fmalar\u0131<\/strong><\/li>\n<\/ul>\n\n\n\n<p class=\"has-medium-font-size\">Hay\u0131r diyebilme, ki\u015fisel s\u0131n\u0131rlar\u0131 belirleme ve sa\u011fl\u0131kl\u0131 ileti\u015fim kurma \u00fczerine uygulamal\u0131 bir deneyim sa\u011flar.<\/p>\n\n\n\n<ul class=\"wp-block-list\">\n<li class=\"has-medium-font-size\"><strong>Kendini Sevmeye Cesaret Et At\u00f6lyesi<\/strong><\/li>\n<\/ul>\n\n\n\n<p class=\"has-medium-font-size\">\u00d6z \u015fefkat geli\u015ftirmeye, kendini kabule ve duygusal yaralar\u0131 iyile\u015ftirmeye y\u00f6nelik rehberli \u00e7al\u0131\u015fmalarla destek sunar.<\/p>\n\n\n\n<p><\/p>\n\n\n\n<p><\/p>\n\n\n\n<p><\/p>\n","protected":false},"excerpt":{"rendered":"<p>Ebeveynlere \u00e7ocuklar\u0131yla ileti\u015fim, s\u0131n\u0131r koyma ve duygusal ihtiya\u00e7lar\u0131 anlama konusunda pratik beceriler kazand\u0131r\u0131r. Hay\u0131r diyebilme, ki\u015fisel s\u0131n\u0131rlar\u0131 belirleme ve sa\u011fl\u0131kl\u0131 ileti\u015fim kurma \u00fczerine uygulamal\u0131 bir deneyim sa\u011flar. \u00d6z \u015fefkat geli\u015ftirmeye, kendini kabule ve duygusal yaralar\u0131 iyile\u015ftirmeye y\u00f6nelik rehberli \u00e7al\u0131\u015fmalarla destek sunar.<\/p>\n","protected":false},"author":1,"featured_media":0,"parent":0,"menu_order":0,"comment_status":"closed","ping_status":"closed","template":"","meta":{"footnotes":""},"class_list":["post-20","page","type-page","status-publish","hentry"],"_links":{"self":[{"href":"https:\/\/www.fatmasert.com\/index.php?rest_route=\/wp\/v2\/pages\/20","targetHints":{"allow":["GET"]}}],"collection":[{"href":"https:\/\/www.fatmasert.com\/index.php?rest_route=\/wp\/v2\/pages"}],"about":[{"href":"https:\/\/www.fatmasert.com\/index.php?rest_route=\/wp\/v2\/types\/page"}],"author":[{"embeddable":true,"href":"https:\/\/www.fatmasert.com\/index.php?rest_route=\/wp\/v2\/users\/1"}],"replies":[{"embeddable":true,"href":"https:\/\/www.fatmasert.com\/index.php?rest_route=%2Fwp%2Fv2%2Fcomments&post=20"}],"version-history":[{"count":4,"href":"https:\/\/www.fatmasert.com\/index.php?rest_route=\/wp\/v2\/pages\/20\/revisions"}],"predecessor-version":[{"id":161,"href":"https:\/\/www.fatmasert.com\/index.php?rest_route=\/wp\/v2\/pages\/20\/revisions\/161"}],"wp:attachment":[{"href":"https:\/\/www.fatmasert.com\/index.php?rest_route=%2Fwp%2Fv2%2Fmedia&parent=20"}],"curies":[{"name":"wp","href":"https:\/\/api.w.org\/{rel}","templated":true}]}}